{"id":518,"date":"2024-12-07T13:30:06","date_gmt":"2024-12-07T12:30:06","guid":{"rendered":"https:\/\/grupoafv.com\/?page_id=518"},"modified":"2024-12-16T19:02:10","modified_gmt":"2024-12-16T18:02:10","slug":"infraestructura","status":"publish","type":"page","link":"https:\/\/grupoafv.com\/?page_id=518","title":{"rendered":"Infraestructura"},"content":{"rendered":"\n<h1 class=\"wp-block-heading has-text-align-center\" style=\"font-size:42px\"><strong>Infraestructura<\/strong>s<\/h1>\n\n\n\n<p><\/p>\n\n\n\n<p><\/p>\n\n\n\n<p>Tenemos una gran experiencia en la realizaci\u00f3n de trabajos de infraestructura enfocada en las telecomunicaciones, tenemos capacidades para realizar ingenier\u00eda, instalaci\u00f3n y certificaci\u00f3n de todas nuestras instalaciones.<\/p>\n\n\n\n<figure class=\"wp-block-image alignfull size-large\"><img loading=\"lazy\" decoding=\"async\" width=\"1024\" height=\"724\" src=\"https:\/\/grupoafv.com\/wp-content\/uploads\/2024\/12\/castilla-1024x724.jpg\" alt=\"\" class=\"wp-image-524\" srcset=\"https:\/\/grupoafv.com\/wp-content\/uploads\/2024\/12\/castilla-1024x724.jpg 1024w, https:\/\/grupoafv.com\/wp-content\/uploads\/2024\/12\/castilla-300x212.jpg 300w, https:\/\/grupoafv.com\/wp-content\/uploads\/2024\/12\/castilla-768x543.jpg 768w, https:\/\/grupoafv.com\/wp-content\/uploads\/2024\/12\/castilla-1536x1086.jpg 1536w, https:\/\/grupoafv.com\/wp-content\/uploads\/2024\/12\/castilla-2048x1448.jpg 2048w\" sizes=\"auto, (max-width: 1024px) 100vw, 1024px\" \/><\/figure>\n\n\n\n<p>Nuestro equipo de ingenier\u00eda realiza el dise\u00f1o de cualquier estructura que se precise para la instalaci\u00f3n de cualquier tipo de antenas y ubicaci\u00f3n para adaptar. <\/p>\n\n\n\n<p>Estamos especializados en los siguientes campos:<\/p>\n\n\n\n<div class=\"wp-block-group is-layout-constrained wp-block-group-is-layout-constrained\">\n<ul class=\"wp-block-list\">\n<li>Dise\u00f1o de estructuras<\/li>\n\n\n\n<li>Estudio de ingenier\u00eda<\/li>\n\n\n\n<li>Fabricaci\u00f3n de estructuras a medida<\/li>\n\n\n\n<li>Pintado de piezas met\u00e1licas<\/li>\n\n\n\n<li>Instalaci\u00f3n y adaptaci\u00f3n a medida<\/li>\n\n\n\n<li>Colocaci\u00f3n de radios, antenas, cableados&#8230;<\/li>\n<\/ul>\n<\/div>\n\n\n\n<p>Realizamos la instalaci\u00f3n y mantenimiento de estaciones base completas. <\/p>\n\n\n\n<figure class=\"wp-block-image alignfull size-large\"><img loading=\"lazy\" decoding=\"async\" width=\"1024\" height=\"724\" src=\"https:\/\/grupoafv.com\/wp-content\/uploads\/2024\/12\/TORRE-1024x724.jpg\" alt=\"\" class=\"wp-image-525\" srcset=\"https:\/\/grupoafv.com\/wp-content\/uploads\/2024\/12\/TORRE-1024x724.jpg 1024w, https:\/\/grupoafv.com\/wp-content\/uploads\/2024\/12\/TORRE-300x212.jpg 300w, https:\/\/grupoafv.com\/wp-content\/uploads\/2024\/12\/TORRE-768x543.jpg 768w, https:\/\/grupoafv.com\/wp-content\/uploads\/2024\/12\/TORRE-1536x1086.jpg 1536w, https:\/\/grupoafv.com\/wp-content\/uploads\/2024\/12\/TORRE-2048x1448.jpg 2048w\" sizes=\"auto, (max-width: 1024px) 100vw, 1024px\" \/><\/figure>\n\n\n\n<p class=\"has-text-align-center\" style=\"font-size:28px\"><strong><a href=\"https:\/\/grupoafv.com\/?page_id=442\" data-type=\"page\" data-id=\"442\">\u00a1Cu\u00e9ntanos tu proyecto!<\/a><\/strong><\/p>\n\n\n\n<p><\/p>\n","protected":false},"excerpt":{"rendered":"<p>Infraestructuras Tenemos una gran experiencia en la realizaci\u00f3n de trabajos de infraestructura enfocada en las telecomunicaciones, tenemos capacidades para realizar ingenier\u00eda, instalaci\u00f3n y certificaci\u00f3n de todas nuestras instalaciones. Nuestro equipo&#8230;<\/p>\n","protected":false},"author":1,"featured_media":0,"parent":0,"menu_order":0,"comment_status":"closed","ping_status":"closed","template":"","meta":{"footnotes":""},"class_list":["post-518","page","type-page","status-publish"],"yoast_head":"<!-- This site is optimized with the Yoast SEO plugin v24.3 - https:\/\/yoast.com\/wordpress\/plugins\/seo\/ -->\n<title>Infraestructura - Grupo AFV<\/title>\n<meta name=\"robots\" content=\"index, follow, max-snippet:-1, max-image-preview:large, max-video-preview:-1\" \/>\n<link rel=\"canonical\" href=\"https:\/\/grupoafv.com\/?page_id=518\" \/>\n<meta property=\"og:locale\" content=\"es_ES\" \/>\n<meta property=\"og:type\" content=\"article\" \/>\n<meta property=\"og:title\" content=\"Infraestructura - Grupo AFV\" \/>\n<meta property=\"og:description\" content=\"Infraestructuras Tenemos una gran experiencia en la realizaci\u00f3n de trabajos de infraestructura enfocada en las telecomunicaciones, tenemos capacidades para realizar ingenier\u00eda, instalaci\u00f3n y certificaci\u00f3n de todas nuestras instalaciones. Nuestro equipo...\" \/>\n<meta property=\"og:url\" content=\"https:\/\/grupoafv.com\/?page_id=518\" \/>\n<meta property=\"og:site_name\" content=\"Grupo AFV\" \/>\n<meta property=\"article:modified_time\" content=\"2024-12-16T18:02:10+00:00\" \/>\n<meta property=\"og:image\" content=\"https:\/\/grupoafv.com\/wp-content\/uploads\/2024\/12\/castilla-1024x724.jpg\" \/>\n<meta name=\"twitter:card\" content=\"summary_large_image\" \/>\n<meta name=\"twitter:label1\" content=\"Tiempo de lectura\" \/>\n\t<meta name=\"twitter:data1\" content=\"1 minuto\" \/>\n<script type=\"application\/ld+json\" class=\"yoast-schema-graph\">{\"@context\":\"https:\/\/schema.org\",\"@graph\":[{\"@type\":\"WebPage\",\"@id\":\"https:\/\/grupoafv.com\/?page_id=518\",\"url\":\"https:\/\/grupoafv.com\/?page_id=518\",\"name\":\"Infraestructura - Grupo AFV\",\"isPartOf\":{\"@id\":\"https:\/\/grupoafv.com\/#website\"},\"primaryImageOfPage\":{\"@id\":\"https:\/\/grupoafv.com\/?page_id=518#primaryimage\"},\"image\":{\"@id\":\"https:\/\/grupoafv.com\/?page_id=518#primaryimage\"},\"thumbnailUrl\":\"https:\/\/grupoafv.com\/wp-content\/uploads\/2024\/12\/castilla-1024x724.jpg\",\"datePublished\":\"2024-12-07T12:30:06+00:00\",\"dateModified\":\"2024-12-16T18:02:10+00:00\",\"breadcrumb\":{\"@id\":\"https:\/\/grupoafv.com\/?page_id=518#breadcrumb\"},\"inLanguage\":\"es\",\"potentialAction\":[{\"@type\":\"ReadAction\",\"target\":[\"https:\/\/grupoafv.com\/?page_id=518\"]}]},{\"@type\":\"ImageObject\",\"inLanguage\":\"es\",\"@id\":\"https:\/\/grupoafv.com\/?page_id=518#primaryimage\",\"url\":\"https:\/\/grupoafv.com\/wp-content\/uploads\/2024\/12\/castilla-scaled.jpg\",\"contentUrl\":\"https:\/\/grupoafv.com\/wp-content\/uploads\/2024\/12\/castilla-scaled.jpg\",\"width\":2560,\"height\":1810},{\"@type\":\"BreadcrumbList\",\"@id\":\"https:\/\/grupoafv.com\/?page_id=518#breadcrumb\",\"itemListElement\":[{\"@type\":\"ListItem\",\"position\":1,\"name\":\"Portada\",\"item\":\"https:\/\/grupoafv.com\/\"},{\"@type\":\"ListItem\",\"position\":2,\"name\":\"Infraestructura\"}]},{\"@type\":\"WebSite\",\"@id\":\"https:\/\/grupoafv.com\/#website\",\"url\":\"https:\/\/grupoafv.com\/\",\"name\":\"Grupo AFV\",\"description\":\"Nos especializamos en la instalaci\u00f3n de telecomunicaciones, sistemas el\u00e9ctricos y energ\u00edas fotovoltaicas, ofreciendo soluciones personalizadas y de alta calidad. Contamos con un equipo de profesionales altamente capacitados y m\u00e1s de 10 a\u00f1os de experiencia, lo que nos permite garantizar un servicio eficiente y adaptado a las necesidades de clientes residenciales, comerciales e industriales. Comprometidos con la innovaci\u00f3n y la sostenibilidad, trabajamos para construir infraestructuras modernas y respetuosas con el medio ambiente.\",\"publisher\":{\"@id\":\"https:\/\/grupoafv.com\/#organization\"},\"potentialAction\":[{\"@type\":\"SearchAction\",\"target\":{\"@type\":\"EntryPoint\",\"urlTemplate\":\"https:\/\/grupoafv.com\/?s={search_term_string}\"},\"query-input\":{\"@type\":\"PropertyValueSpecification\",\"valueRequired\":true,\"valueName\":\"search_term_string\"}}],\"inLanguage\":\"es\"},{\"@type\":\"Organization\",\"@id\":\"https:\/\/grupoafv.com\/#organization\",\"name\":\"Grupo AFV\",\"url\":\"https:\/\/grupoafv.com\/\",\"logo\":{\"@type\":\"ImageObject\",\"inLanguage\":\"es\",\"@id\":\"https:\/\/grupoafv.com\/#\/schema\/logo\/image\/\",\"url\":\"https:\/\/grupoafv.com\/wp-content\/uploads\/2024\/11\/LOGO-AFV.jpg\",\"contentUrl\":\"https:\/\/grupoafv.com\/wp-content\/uploads\/2024\/11\/LOGO-AFV.jpg\",\"width\":1200,\"height\":1200,\"caption\":\"Grupo AFV\"},\"image\":{\"@id\":\"https:\/\/grupoafv.com\/#\/schema\/logo\/image\/\"}}]}<\/script>\n<!-- \/ Yoast SEO plugin. -->","yoast_head_json":{"title":"Infraestructura - Grupo AFV","robots":{"index":"index","follow":"follow","max-snippet":"max-snippet:-1","max-image-preview":"max-image-preview:large","max-video-preview":"max-video-preview:-1"},"canonical":"https:\/\/grupoafv.com\/?page_id=518","og_locale":"es_ES","og_type":"article","og_title":"Infraestructura - Grupo AFV","og_description":"Infraestructuras Tenemos una gran experiencia en la realizaci\u00f3n de trabajos de infraestructura enfocada en las telecomunicaciones, tenemos capacidades para realizar ingenier\u00eda, instalaci\u00f3n y certificaci\u00f3n de todas nuestras instalaciones. Nuestro equipo...","og_url":"https:\/\/grupoafv.com\/?page_id=518","og_site_name":"Grupo AFV","article_modified_time":"2024-12-16T18:02:10+00:00","og_image":[{"url":"https:\/\/grupoafv.com\/wp-content\/uploads\/2024\/12\/castilla-1024x724.jpg","type":"","width":"","height":""}],"twitter_card":"summary_large_image","twitter_misc":{"Tiempo de lectura":"1 minuto"},"schema":{"@context":"https:\/\/schema.org","@graph":[{"@type":"WebPage","@id":"https:\/\/grupoafv.com\/?page_id=518","url":"https:\/\/grupoafv.com\/?page_id=518","name":"Infraestructura - Grupo AFV","isPartOf":{"@id":"https:\/\/grupoafv.com\/#website"},"primaryImageOfPage":{"@id":"https:\/\/grupoafv.com\/?page_id=518#primaryimage"},"image":{"@id":"https:\/\/grupoafv.com\/?page_id=518#primaryimage"},"thumbnailUrl":"https:\/\/grupoafv.com\/wp-content\/uploads\/2024\/12\/castilla-1024x724.jpg","datePublished":"2024-12-07T12:30:06+00:00","dateModified":"2024-12-16T18:02:10+00:00","breadcrumb":{"@id":"https:\/\/grupoafv.com\/?page_id=518#breadcrumb"},"inLanguage":"es","potentialAction":[{"@type":"ReadAction","target":["https:\/\/grupoafv.com\/?page_id=518"]}]},{"@type":"ImageObject","inLanguage":"es","@id":"https:\/\/grupoafv.com\/?page_id=518#primaryimage","url":"https:\/\/grupoafv.com\/wp-content\/uploads\/2024\/12\/castilla-scaled.jpg","contentUrl":"https:\/\/grupoafv.com\/wp-content\/uploads\/2024\/12\/castilla-scaled.jpg","width":2560,"height":1810},{"@type":"BreadcrumbList","@id":"https:\/\/grupoafv.com\/?page_id=518#breadcrumb","itemListElement":[{"@type":"ListItem","position":1,"name":"Portada","item":"https:\/\/grupoafv.com\/"},{"@type":"ListItem","position":2,"name":"Infraestructura"}]},{"@type":"WebSite","@id":"https:\/\/grupoafv.com\/#website","url":"https:\/\/grupoafv.com\/","name":"Grupo AFV","description":"Nos especializamos en la instalaci\u00f3n de telecomunicaciones, sistemas el\u00e9ctricos y energ\u00edas fotovoltaicas, ofreciendo soluciones personalizadas y de alta calidad. Contamos con un equipo de profesionales altamente capacitados y m\u00e1s de 10 a\u00f1os de experiencia, lo que nos permite garantizar un servicio eficiente y adaptado a las necesidades de clientes residenciales, comerciales e industriales. Comprometidos con la innovaci\u00f3n y la sostenibilidad, trabajamos para construir infraestructuras modernas y respetuosas con el medio ambiente.","publisher":{"@id":"https:\/\/grupoafv.com\/#organization"},"potentialAction":[{"@type":"SearchAction","target":{"@type":"EntryPoint","urlTemplate":"https:\/\/grupoafv.com\/?s={search_term_string}"},"query-input":{"@type":"PropertyValueSpecification","valueRequired":true,"valueName":"search_term_string"}}],"inLanguage":"es"},{"@type":"Organization","@id":"https:\/\/grupoafv.com\/#organization","name":"Grupo AFV","url":"https:\/\/grupoafv.com\/","logo":{"@type":"ImageObject","inLanguage":"es","@id":"https:\/\/grupoafv.com\/#\/schema\/logo\/image\/","url":"https:\/\/grupoafv.com\/wp-content\/uploads\/2024\/11\/LOGO-AFV.jpg","contentUrl":"https:\/\/grupoafv.com\/wp-content\/uploads\/2024\/11\/LOGO-AFV.jpg","width":1200,"height":1200,"caption":"Grupo AFV"},"image":{"@id":"https:\/\/grupoafv.com\/#\/schema\/logo\/image\/"}}]}},"_links":{"self":[{"href":"https:\/\/grupoafv.com\/index.php?rest_route=\/wp\/v2\/pages\/518","targetHints":{"allow":["GET"]}}],"collection":[{"href":"https:\/\/grupoafv.com\/index.php?rest_route=\/wp\/v2\/pages"}],"about":[{"href":"https:\/\/grupoafv.com\/index.php?rest_route=\/wp\/v2\/types\/page"}],"author":[{"embeddable":true,"href":"https:\/\/grupoafv.com\/index.php?rest_route=\/wp\/v2\/users\/1"}],"replies":[{"embeddable":true,"href":"https:\/\/grupoafv.com\/index.php?rest_route=%2Fwp%2Fv2%2Fcomments&post=518"}],"version-history":[{"count":9,"href":"https:\/\/grupoafv.com\/index.php?rest_route=\/wp\/v2\/pages\/518\/revisions"}],"predecessor-version":[{"id":585,"href":"https:\/\/grupoafv.com\/index.php?rest_route=\/wp\/v2\/pages\/518\/revisions\/585"}],"wp:attachment":[{"href":"https:\/\/grupoafv.com\/index.php?rest_route=%2Fwp%2Fv2%2Fmedia&parent=518"}],"curies":[{"name":"wp","href":"https:\/\/api.w.org\/{rel}","templated":true}]}}